71?
641
Calculate the greatest common factor of 7139 and 175044386.
649
Calculate the highest common divisor of 12945996 and 1512.
252
Calculate the greatest common divisor of 226933 and 4267.
17
Calculate the highest common factor of 152 and 5169691.
19
What is the highest common factor of 1560 and 1224054?
78
What is the highest common divisor of 2950 and 1902455?
295
What is the greatest common divisor of 237 and 162594087?
237
What is the highest common divisor of 278871 and 471?
3
Calculate the highest common divisor of 1449125 and 3375.
125
Calculate the greatest common factor of 1554 and 1394022.
42
What is the greatest common factor of 54570633 and 806?
403
Calculate the greatest common factor of 1109552 and 107632.
496
What is the greatest common divisor of 164192 and 962304?
224
What is the highest common factor of 10557799 and 17?
17
What is the greatest common divisor of 40070139 and 1017?
339
Calculate the greatest common divisor of 6 and 42739200.
6
What is the highest common factor of 154 and 177279938?
22
Calculate the greatest common divisor of 592 and 1750792.
8
What is the highest common factor of 209195 and 26370524?
5977
Calculate the greatest common factor of 1970542 and 5986.
82
Calculate the greatest common factor of 344 and 7977661.
43
Calculate the highest common divisor of 1484404 and 279.
31
Calculate the greatest common divisor of 1938 and 29857474.
646
Calculate the highest common factor of 2103927 and 77406.
399
What is the highest common divisor of 3048 and 1150679055?
381
Calculate the greatest common factor of 829 and 2627101.
829
Calculate the highest common divisor of 15561 and 386934639.
5187
What is the greatest common factor of 655174 and 307021?
1469
Calculate the highest common factor of 586816 and 51728.
848
What is the highest common factor of 172017452 and 23724?
2636
What is the highest common divisor of 213 and 57198665?
71
What is the highest common factor of 60620 and 515620?
140
Calculate the highest common divisor of 9351 and 237166296.
3117
Calculate the greatest common factor of 791 and 38376947.
791
Calculate the highest common factor of 3785050 and 365000.
3650
What is the greatest common factor of 61020 and 99900?
540
What is the highest common divisor of 629 and 3069187?
37
What is the highest common factor of 549 and 991071?
9
Calculate the greatest common divisor of 4715 and 8409605.
115
Calculate the highest common divisor of 1622983 and 8341.
439
What is the highest common factor of 382989492 and 27?
27
Calculate the greatest common divisor of 100 and 6253150.
50
What is the greatest common factor of 124255 and 13315?
5
What is the highest common factor of 1432 and 23322626?
358
What is the highest common factor of 16042201 and 6923?
161
What is the greatest common factor of 484 and 111817618?
22
What is the highest common divisor of 35979623 and 26192?
1637
Calculate the highest common divisor of 1551 and 1029958611.
1551
Calculate the highest common divisor of 4190173 and 10265.
2053
Calculate the highest common divisor of 70 and 237494.
2
What is the highest common factor of 9000 and 4850550?
450
What is the highest common divisor of 257550 and 30184350?
2550
Calculate the highest common divisor of 175995320 and 40.
40
Calculate the highest common factor of 786 and 256477826.
262
Calculate the highest common factor of 11495685 and 3081.
237
What is the highest common divisor of 21687952 and 2288?
2288
Calculate the highest common divisor of 47173465 and 11207.
1601
What is the highest common factor of 61451663 and 4355?
871
What is the highest common factor of 16081033 and 124?
31
Calculate the greatest common divisor of 10411806 and 6.
6
Calculate the highest common factor of 1012713 and 9168609.
3387
What is the highest common factor of 30175 and 984912?
1207
What is the highest common divisor of 896567 and 169372?
1841
Calculate the greatest common divisor of 19465376 and 8911.
469
What is the highest common factor of 11657598 and 67?
67
What is the highest common divisor of 3885 and 2085801?
111
Calculate the greatest common factor of 155 and 371589002.
31
Calculate the highest common divisor of 39537 and 227481.
573
What is the greatest common factor of 427 and 21994770?
427
What is the greatest common factor of 5129 and 602853?
23
What is the highest common factor of 16948715 and 890?
445
Calculate the greatest common factor of 1300 and 107342300.
1300
Calculate the greatest common factor of 15 and 1064651835.
15
Calculate the highest common divisor of 79911 and 36387.
117
What is the highest common divisor of 23496 and 13817784?
2136
Calculate the highest common factor of 276256 and 4183.
89
Calculate the greatest common factor of 1496 and 12574628.
748
What is the greatest common divisor of 19667 and 2229296?
277
Calculate the highest common divisor of 4491 and 51813.
9
Calculate the highest common divisor of 237 and 37608.
3
Calculate the greatest common factor of 21436292 and 37880.
3788
What is the highest common factor of 18754921 and 40209?
1031
Calculate the greatest common factor of 2639 and 710297.
203
What is the highest common factor of 35371161 and 903?
21
What is the highest common divisor of 2916630 and 10764?
414
Calculate the highest common divisor of 556 and 152169972.
556
What is the highest common divisor of 5433 and 32031157?
1811
Calculate the greatest common divisor of 2578884930 and 90.
90
Calculate the greatest common divisor of 14453583 and 37395.
831
Calculate the greatest common divisor of 16935 and 12110.
5
Calculate the greatest common divisor of 48 and 97788837.
3
Calculate the highest common factor of 40 and 5751670.
10
What is the greatest common divisor of 43253 and 68333561?
6179
Calculate the greatest common factor of 7302 and 11658.
6
What is the greatest common factor of 330550 and 1534954?
1202
What is the greatest common divisor of 22083467 and 6909?
2303
What is the greatest common factor of 1485797 and 9086?
59
What is the highest common factor of 20179221 and 102?
51
What is the greatest common divisor of 332264772 and 6?
6
What is the highest common divisor of 109597322 and 58?
58
What is the greatest common factor of 2612115 and 765?
45
What is the greatest common factor of 12167019 and 1224?
153
What is the highest common divisor of 1762904 and 15158?
286
Calculate the highest common divisor of 299345 and 38065.
115
Calculate the greatest common factor of 529 and 3404529.
23
Calculate the highest common factor of 20 and 152990.
10
Calculate the greatest common divisor of 10600 and 59350.
50
Calculate the highest common factor of 354744995 and 25.
5
Calculate the highest common factor of 4 and 60049538.
2
Calculate the highest common factor of 20781904 and 11.
11
Calculate the highest common divisor of 95986 and 2222.
22
Calculate the greatest common divisor of 29358 and 57316.
14
Calculate the highest common factor of 649712 and 5572.
28
Calculate the highest common factor of 43142627 and 22.
11
Calculate the greatest common factor of 68 and 158243242.
34
Calculate the highest common factor of 1047305 and 121555.
805
What is the greatest common factor of 189777312 and 2862?
954
What is the highest common divisor of 8630336 and 9108?
1012
What is the highest common divisor of 273858 and 10998?
78
What is the highest common divisor of 10934 and 12425?
497
Calculate the greatest common divisor of 2825 and 3512605.
565
What is the greatest common divisor of 44 and 71993746?
22
Calculate the highest common divisor of 3759580 and 132940.
460
What is the highest common factor of 18240 and 1148360?
760
What is the highest common factor of 5 and 112205045?
5
Calculate the highest common divisor of 15973824 and 83504.
4912
What is the highest common factor of 109 and 34414243?
109
Calculate the highest common factor of 1124040 and 595.
85
What is the highest common factor of 24659131 and 133?
133
What is the highest common factor of 9876805 and 10720?
335
What is the greatest common factor of 31406216 and 68944?
1112
What is the highest common divisor of 92418 and 2605428?
1266
What is the highest common factor of 44 and 27617936?
4
Calculate the highest common factor of 288640 and 165374.
22
What is the greatest common factor of 18779